{"id":391,"date":"2024-05-02T17:39:03","date_gmt":"2024-05-02T14:39:03","guid":{"rendered":"https:\/\/2hektarai.lt\/?post_type=product&#038;p=391"},"modified":"2024-06-21T15:49:01","modified_gmt":"2024-06-21T12:49:01","slug":"gurmanisku-grybu-rinkinys","status":"publish","type":"product","link":"https:\/\/2hektarai.lt\/index.php\/product\/gurmanisku-grybu-rinkinys\/","title":{"rendered":"Gurmani\u0161k\u0173 gryb\u0173 rinkinys"},"content":{"rendered":"<p><strong>Gurmani\u0161k\u0173 gryb\u0173 rinkinys<\/strong> &#8211; kai norisi vis\u0173 po truput\u0117l\u012f.<\/p>\n<p>Rinkin\u012f sudaro: <span style=\"color: #3366ff;\"><a style=\"color: #3366ff;\" href=\"https:\/\/2hektarai.lt\/index.php\/product\/rozine-kreivabude\/\"><span style=\"color: #0000ff;\">Ro\u017ein\u0117s kreivabud\u0117<\/span>s<\/a><\/span>, <span style=\"color: #0000ff;\"><a style=\"color: #0000ff;\" href=\"https:\/\/2hektarai.lt\/index.php\/product\/pilkoji-kreivabude\/\">Pilkosios kreivabud\u0117s<\/a><\/span> ir <span style=\"color: #0000ff;\"><a style=\"color: #0000ff;\" href=\"https:\/\/2hektarai.lt\/index.php\/product\/liuto-karciai-lions-mane\/\">Li\u016bto kar\u010diai (Lion&#8217;s mane).<\/a><\/span><\/p>\n<p>Pla\u010diau apie kiekvien\u0105 i\u0161 \u0161i\u0173 gryb\u0173 rasite prie kit\u0173 m\u016bs\u0173 si\u016blom\u0173 produkt\u0173.<\/p>\n<p>\u0160vie\u017eius grybus visada stengiam\u0117s i\u0161si\u0173sti kuo grei\u010diau, ta\u010diau gali u\u017etrukti iki 4 &#8211; 5 d.d. nuo u\u017esakymo pateikimo.<\/p>\n<p>\u0160vie\u017eius grybus visada rekomenduojame u\u017esisakyti per autobus\u0173 siuntas, kad prek\u0117 pasiekt\u0173 Jus kuo \u0161vie\u017eesn\u0117.<\/p>\n<p>Jei turite klausim\u0173 ar domina didesnis produkto kiekis &#8211;<span style=\"color: #0000ff;\"><a style=\"color: #0000ff;\" href=\"https:\/\/2hektarai.lt\/index.php\/kontaktai\/\"> susisiekite.<\/a><\/span><\/p>\n<p>Jei \u0161iuo metu j\u016bs\u0173 norimas produktas i\u0161parduotas &#8211; para\u0161ykite mums ir mes jus informuosime, kada v\u0117l tur\u0117sime.<\/p>\n","protected":false},"excerpt":{"rendered":"<p>Gurmani\u0161k\u0173 gryb\u0173 rinkinys<\/p>\n","protected":false},"featured_media":392,"comment_status":"open","ping_status":"closed","template":"","meta":{"om_disable_all_campaigns":false,"_monsterinsights_skip_tracking":false,"_monsterinsights_sitenote_active":false,"_monsterinsights_sitenote_note":"","_monsterinsights_sitenote_category":0,"_uf_show_specific_survey":0,"_uf_disable_surveys":false},"product_cat":[38],"product_tag":[],"aioseo_notices":[],"jetpack_sharing_enabled":true,"_links":{"self":[{"href":"https:\/\/2hektarai.lt\/index.php\/wp-json\/wp\/v2\/product\/391"}],"collection":[{"href":"https:\/\/2hektarai.lt\/index.php\/wp-json\/wp\/v2\/product"}],"about":[{"href":"https:\/\/2hektarai.lt\/index.php\/wp-json\/wp\/v2\/types\/product"}],"replies":[{"embeddable":true,"href":"https:\/\/2hektarai.lt\/index.php\/wp-json\/wp\/v2\/comments?post=391"}],"wp:featuredmedia":[{"embeddable":true,"href":"https:\/\/2hektarai.lt\/index.php\/wp-json\/wp\/v2\/media\/392"}],"wp:attachment":[{"href":"https:\/\/2hektarai.lt\/index.php\/wp-json\/wp\/v2\/media?parent=391"}],"wp:term":[{"taxonomy":"product_cat","embeddable":true,"href":"https:\/\/2hektarai.lt\/index.php\/wp-json\/wp\/v2\/product_cat?post=391"},{"taxonomy":"product_tag","embeddable":true,"href":"https:\/\/2hektarai.lt\/index.php\/wp-json\/wp\/v2\/product_tag?post=391"}],"curies":[{"name":"wp","href":"https:\/\/api.w.org\/{rel}","templated":true}]}}