{"id":276,"date":"2024-02-27T16:40:05","date_gmt":"2024-02-27T14:40:05","guid":{"rendered":"https:\/\/2hektarai.lt\/?post_type=product&#038;p=276"},"modified":"2025-08-15T14:13:42","modified_gmt":"2025-08-15T11:13:42","slug":"liuto-karciai-lions-mane","status":"publish","type":"product","link":"https:\/\/2hektarai.lt\/index.php\/product\/liuto-karciai-lions-mane\/","title":{"rendered":"Li\u016bto kar\u010diai (Lion&#8217;s mane)"},"content":{"rendered":"<p><img loading=\"lazy\" decoding=\"async\" class=\"alignnone size-medium wp-image-281\" src=\"http:\/\/2hektarai.lt\/wp-content\/uploads\/2024\/02\/Lions-mane-e1708962226263-300x226.jpg\" alt=\"Lion's mane grybai\/ li\u016bto kar\u010diai\" width=\"300\" height=\"226\" srcset=\"https:\/\/2hektarai.lt\/wp-content\/uploads\/2024\/02\/Lions-mane-e1708962226263-300x226.jpg 300w, https:\/\/2hektarai.lt\/wp-content\/uploads\/2024\/02\/Lions-mane-e1708962226263-600x452.jpg 600w, https:\/\/2hektarai.lt\/wp-content\/uploads\/2024\/02\/Lions-mane-e1708962226263-1024x771.jpg 1024w, https:\/\/2hektarai.lt\/wp-content\/uploads\/2024\/02\/Lions-mane-e1708962226263-768x578.jpg 768w, https:\/\/2hektarai.lt\/wp-content\/uploads\/2024\/02\/Lions-mane-e1708962226263-1536x1157.jpg 1536w, https:\/\/2hektarai.lt\/wp-content\/uploads\/2024\/02\/Lions-mane-e1708962226263-1320x994.jpg 1320w, https:\/\/2hektarai.lt\/wp-content\/uploads\/2024\/02\/Lions-mane-e1708962226263.jpg 2040w\" sizes=\"(max-width: 300px) 100vw, 300px\" \/><\/p>\n<p><strong>Li\u016bto kar\u010diai | Lion&#8217;s mane<\/strong> (lot. Hericium erinaceus, angl. Lion&#8217;s mane) &#8211; tai gurmani\u0161kas grybas pla\u010diai naudojamas tiek kulinarijoje, tiek medicinoje. Lion&#8217;s mane grybai yra \u0161velnaus, salstel\u0117jusio, j\u016bros g\u0117rybes primenan\u010dio skonio. Dauguma \u017emoni\u0173 \u0161io grybo skon\u012f prilygina omar\u0173 ar krab\u0173 m\u0117sai.<\/p>\n<p><strong>Kaip paruo\u0161ti?<\/strong> Pakepkite keptuv\u0117je ant sviesto su m\u0117gstamais prieskoniais kol gra\u017eiai apskrus. Kepti li\u016bto kar\u010diai yra \u0161veln\u016bs ir sultingi. Galima paruo\u0161ti kaip pagrindin\u012f patiekal\u0105, naudoti gaminant makaronus ar garnyr\u0105, verdant sriubas.\u00a0 Vegani\u0161kuose ar vegetari\u0161kuose receptuose da\u017enai naudojami, kaip j\u016bros g\u0117rybi\u0173 pakaitalas.<\/p>\n<p>Li\u016bto kar\u010diai pla\u010diai vertinami d\u0117l savo naudos sveikatai bei maistin\u0117s vert\u0117s. Juose gausu B grup\u0117s vitamin\u0173 bei pagrindini\u0173 mineral\u0173, toki\u0173 kaip cinkas, kalis ir manganas.<\/p>\n<p><strong>Laikymo s\u0105lygos:<\/strong> laikyti \u0161aldytuve or\u0105 praleid\u017eian\u010dioje taroje. Geriausiai tinka popierinis mai\u0161elis ar d\u0117\u017eut\u0117. Suvartoti per 5 &#8211; 7 d.<\/p>\n<p>\u0160vie\u017eius grybus visada stengiam\u0117s i\u0161si\u0173sti kuo grei\u010diau, ta\u010diau gali u\u017etrukti iki 4 &#8211; 5 d.d nuo u\u017esakymo pateikimo.<\/p>\n<p>\u0160vie\u017eius grybus visada rekomenduojame u\u017esisakyti per autobus\u0173 siuntas, kad prek\u0117 pasiekt\u0173 Jus kuo \u0161vie\u017eesn\u0117.<\/p>\n<p>Jei turite klausim\u0173 ar domina didesnis produkto kiekis &#8211; <span style=\"color: #0000ff;\"><a style=\"color: #0000ff;\" href=\"https:\/\/2hektarai.lt\/index.php\/kontaktai\/\">susisiekite.<\/a><\/span><\/p>\n<p>Jei \u0161iuo metu j\u016bs\u0173 norimas produktas i\u0161parduotas &#8211; para\u0161ykite mums ir mes jus informuosime, kada v\u0117l tur\u0117sime.<\/p>\n","protected":false},"excerpt":{"rendered":"<p>\u0160vie\u017ei Li\u016bto kar\u010diai | Lion&#8217;s mane grybai u\u017eauginti Kupi\u0161kio rajone<\/p>\n","protected":false},"featured_media":355,"comment_status":"open","ping_status":"closed","template":"","meta":{"om_disable_all_campaigns":false,"_monsterinsights_skip_tracking":false,"_monsterinsights_sitenote_active":false,"_monsterinsights_sitenote_note":"","_monsterinsights_sitenote_category":0,"_uf_show_specific_survey":0,"_uf_disable_surveys":false},"product_cat":[38],"product_tag":[],"aioseo_notices":[],"jetpack_sharing_enabled":true,"_links":{"self":[{"href":"https:\/\/2hektarai.lt\/index.php\/wp-json\/wp\/v2\/product\/276"}],"collection":[{"href":"https:\/\/2hektarai.lt\/index.php\/wp-json\/wp\/v2\/product"}],"about":[{"href":"https:\/\/2hektarai.lt\/index.php\/wp-json\/wp\/v2\/types\/product"}],"replies":[{"embeddable":true,"href":"https:\/\/2hektarai.lt\/index.php\/wp-json\/wp\/v2\/comments?post=276"}],"wp:featuredmedia":[{"embeddable":true,"href":"https:\/\/2hektarai.lt\/index.php\/wp-json\/wp\/v2\/media\/355"}],"wp:attachment":[{"href":"https:\/\/2hektarai.lt\/index.php\/wp-json\/wp\/v2\/media?parent=276"}],"wp:term":[{"taxonomy":"product_cat","embeddable":true,"href":"https:\/\/2hektarai.lt\/index.php\/wp-json\/wp\/v2\/product_cat?post=276"},{"taxonomy":"product_tag","embeddable":true,"href":"https:\/\/2hektarai.lt\/index.php\/wp-json\/wp\/v2\/product_tag?post=276"}],"curies":[{"name":"wp","href":"https:\/\/api.w.org\/{rel}","templated":true}]}}